*t(a). What is z(9)?
0
Let u(a) = -7 - 7*a + 2*a**2 + 0 - a**2 + 6. Let p be u(8). Let v(o) = 78*o**2 - 4 - p*o - 79*o**2 - 4. Determine v(-6).
-2
Let w(l) = -2 - 2*l**2 - 3*l - 2*l**2 - 2*l**3 + 9 - 8. Let f be w(-2). Let q(j) = -j - 1. Let v(y) = 8*y + 5. Let i(b) = 21*q(b) + 3*v(b). Calculate i(f).
9
Let q(y) be the third derivative of -y**5/60 + 5*y**4/12 - y**3/3 - 181*y**2 + 1. What is q(9)?
7
Suppose -5*x + 15 = -0. Let f(u) = 0*u**2 - u**x - 184*u + 5 + 179*u - 7*u**2. Determine f(-6).
-1
Let n(g) = -g - 2. Suppose 27*v - 220 = -58. Give n(v).
-8
Let c = -27 + 29. Let q be 4/(-2)*(-3)/c. Suppose q - 4 = -n. Let j(b) = -10*b**3 + b - 1. Determine j(n).
-10
Let z = 3 - -5. Let m = z + -5. Let c(g) = 344953*g + 2 - 3*g**2 + 2*g**2 - 344951*g. Calculate c(m).
-1
Let f(t) be the first derivative of -t**3/3 + 5*t**2/2 - t - 1. Let z(s) = -s**2 + 62*s - 172. Let g be z(59). What is f(g)?
-1
Let f(j) = -j**3 - 6*j**2 - 2*j + 7. Let a = -414 + 409. Determine f(a).
-8
Let l(a) be the first derivative of a**4/12 + 7*a**3/6 + 3*a**2/2 - 17*a + 7. Let x(z) be the first derivative of l(z). Let b = 2 + -7. Calculate x(b).
-7
Suppose 0*y = -2*y + 4. Let s(i) = -1 - y - 4*i + 2 + 7*i. Let f(x) = -x**3 + x**2 - 2*x + 1. Let d be f(1). Give s(d).
-4
Let q(l) be the third derivative of 0*l + 0 + 7*l**2 + 1/12*l**4 + 1/3*l**3. Calculate q(-4).
-6
Let u(a) = 4*a**3 - 2*a**2 - 7*a + 3. Let t(b) = 7 - 5*b**3 - 4*b**2 - 12*b + 10*b + 12*b**3 - 11*b. Let f(i) = -3*t(i) + 5*u(i). Determine f(4).
-22
Let l(x) = -x**2 + x + 2. Let o(a) = -5*a**2 + 7*a + 2. Let c(j) = 3*l(j) - o(j). Suppose 7*z = 3*z + 12. Calculate c(z).
10
Let s(w) = -w**3 + w**2 + 3*w + 3. Let r(z) = 7*z**2 + 125*z - 20. Let q be r(-18). Calculate s(q).
9
Let v(q) = q**2 - 5*q - 8. Let b = 20 + -17. Suppose -o = 2*x - x - 9, 8 = 2*x - b*o. Give v(x).
6
Let b(r) be the second derivative of r**3/6 + 3*r**2/2 - 73*r - 1. What is b(6)?
9
Suppose 4*f + 60 = 248. Let i = -43 + f. Let w(m) be the first derivative of m**2/2 - 2*m - 2. Give w(i).
2
Suppose -4*g - 5*o = -38, -4*g + 15 = -2*o - 9. Let q(w) = -4*w + 9. Give q(g).
-19
Suppose s = 85*p - 90*p + 20, -4*p + 16 = -4*s. Let v(r) = 3*r**3 + 7*r**2 + 8*r + 5. Let j(t) = t**3 + t**2 + t + 1. Let y(i) = -4*j(i) + v(i). Determine y(p).
1
Let r(s) = -20*s**3 + s**2 + s. Let o be ((-9)/(-45))/(1/(-5)). Give r(o).
20
Let h(q) = -q**2 - 1. Let s(g) = 5*g**2 - 3*g + 4. Let p(m) = m - 1. Let j be p(7). Let a(f) = j*h(f) + s(f). Suppose 1819*k = 1822*k + 12. Determine a(k).
-6
Let r = 792 + -790. Let a(m) = -7*m. Calculate a(r).
-14
Let l(q) = 10 + q**2 - 2*q**2 - 9*q + 2*q**2. Suppose k = -3*s + 21, -57*k = -2*s - 53*k + 28. Calculate l(s).
2
Let b(o) = -o - 5. Suppose f + 3*d + 42 = 4*f, 4*f - 5*d = 60. Suppose -f*w = -15*w + 15. Suppose 2*x + 4*r + 24 = 0, x - r - w*r = 0. Calculate b(x).
3
Let y(f) = 2*f - 9. Let c be y(9). Let l = c - 5. Let h(i) = 2*i**2 + 4*i - 2*i + 0*i - 2*i**3 + 5 - l. Give h(-1).
3
Let o(n) = -2*n**3 - 24*n**2 - n - 10. Let x be o(-12). Let f(j) = -4 + 3 - 1 + j. Give f(x).
0
Let t(f) = 2*f + 12. Let v(q) = q**2 - 10*q - 268. Let r be v(22). Determine t(r).
4
Let t(u) be the first derivative of 3*u**2/2 - 2*u - 54. Calculate t(-6).
-20
Let g(l) = -l**2. Let v(t) = t**2 + 8*t + 5. Let x(q) = g(q) - v(q). Let h be x(-3). Let z(m) = 4*m + 1. What is z(h)?
5
Let v(q) = -q**3 + 10*q**2 - 10*q + 7. Suppose -4*s - 2*k = -32, -k - 11 - 18 = -3*s. What is v(s)?
-2
Let x = 14 + -19. Let h(v) = -2*v - 8. Let j be h(x). Let p be 0/((-4)/j - -3). Let d(t) = t**3 - t - 3. Determine d(p).
-3
Suppose 5*m = -4*i - 1 + 9, -8 = -4*i. Let f(c) be the first derivative of 10 - 7/4*c**4 - 1/2*c**2 + 2/3*c**3 + m*c. What is f(1)?
-6
Let u be -2*(-2)/4 - 2. Let v = -5 + u. Let q(x) = 3 + 1 - x**2 - 2 - 7*x. Calculate q(v).
8
Let c(y) = -4*y - 4. Let l(n) = -3*n - 5. Let u(g) = 2*g + 2. Let a(o) = 2*l(o) + 5*u(o). Let z be a(-1). Let q be 2 + (-4)/z*-5. Give c(q).
8
Let a(y) = -y**3 + 3*y**2 - y - 2. Let c be a(3). Let m be (c/(-2))/((-2)/(-4)). Let u(j) = -j + 1. Calculate u(m).
-4
Let n(h) = -h**3 + 6*h**2 + 4*h + 10. Let j be n(7). Let a(i) = -i**2 - 10*i - 6. Give a(j).
-17
Let j be 6*(14/21 + (-2)/12). Let r(m) = -21*m**2 - 2*m + j - 4 + 0. What is r(-1)?
-20
Let k(u) be the second derivative of -3*u**5/20 - u**4/4 + u**2/2 - 3*u. Suppose 57*x = 59*x + 4. Determine k(x).
13
Let f be 6/14 - (-64)/14. Suppose 0 = 2*d + f*j - 39, 0 = 2*d - 0*d - j - 9. Let z(i) = 8 + d*i - 236*i**2 - 2 + 237*i**2. Calculate z(-5).
-4
Let m(h) = 3*h - 10. Suppose -l = -39 + 34. Give m(l).
5
Let c = 24 - 14. Let n be ((-15)/(-25))/(2/c). Let l(g) = -g**2 + g. Let v(d) = d**3 - 5*d**2 + 2*d - 1. Let b(h) = -l(h) + v(h). Calculate b(n).
-7
Let x(m) = -m**2 - 2*m - 1. Let o be (10/(10 + 10))/((-2)/20). Determine x(o).
-16
Let i(z) be the second derivative of -z**5/20 - 13*z**4/12 - 7*z**3/6 + 13*z**2/2 + 85*z. What is i(-12)?
-47
Let m(l) = 12*l**2 - 28*l**2 + 8*l**2 + 13 + l**3 - l. Let a be m(8). Let k(h) be the second derivative of h**5/20 - h**4/3 - 2*h**3/3 - h**2 + h. Give k(a).
3
Let w(l) = -7*l**2 + 5*l + 2*l**3 - 8*l**2 - 3*l**3 + 9 - 4*l. Determine w(-15).
-6
Let y(g) = 100*g + 11. Let d(j) = 18*j + 2. Let q(f) = 11*d(f) - 2*y(f). Let c be (5 + -6)*(-4)/(-1). Let x be (2/c)/((-3)/(-6)). Calculate q(x).
2
Suppose -66 = -13*w - 40. Let c(m) = -3*m**3 + m + 2. Give c(w).
-20
Let a(g) be the third derivative of -g**5/60 + g**4/24 + g**3/2 - 13*g**2. Suppose -p = 1 + 1. Let n(i) = 3*i + 3. Let x be n(p). What is a(x)?
-9
Let v(p) = -p**3 + p**2 - p - 4. Let a be v(0). Let g(q) = 16*q - 1. Let m(w) = 3*w. Let o(h) = a*g(h) + 22*m(h). Calculate o(-3).
-2
Let f(u) = u + 2. Let r be (-22)/5 - 2/(-5). Let w = 12 + r. Let a be (-2)/8 + (-6)/w. Give f(a).
1
Let o(u) = -u**2 + 5*u + 2. Suppose 45 = -7*g + 16*g. What is o(g)?
2
Let l(f) be the third derivative of -f**4/12 + 13*f**3/6 + f**2. Suppose -1 - 7 = -v + x, 37 = 4*v + x. Determine l(v).
-5
Let s(r) be the first derivative of 4*r - 1 + 3/2*r**2 - 1/3*r**3. Suppose -w + 4*q - 2*q = 6, 2*w + q - 13 = 0. Give s(w).
0
Let x(b) be the third derivative of b**4/8 + b**3 - 4*b**2 - 2. Let a(p) = 2 - 5*p - 2*p + 3*p. Let f be a(2). Give x(f).
-12
Let v(w) = -7*w - 1. Suppose -4*f + 30 = -2*o, 5*f + o - 45 = f. Let d = f + -7. Let y be (d + -6 + 4)*-1. Calculate v(y).
6
Suppose 2*i - 20 = 5*w - 0*i, -15 = -3*i. Suppose -n + 0*n = 5, 2*n = 3*a - 19. Let v(p) = 7*p**a - 1 - p**3 - 5*p**3. What is v(w)?
-9
Let d(i) = 5*i**3 - i. Let o = -4 + 10. Suppose 0 = -2*c - 5*h - 3, 2*h + o = -c + 5*c. Determine d(c).
4
Let u be -10 - 54/(-17 - -8). Let f(a) = 0*a + 0 - 5 - 2*a. Calculate f(u).
3
Let p be (2 - 1)/(6/(-18)). Let r(f) = 4*f**3 - 2 - 5*f - 3*f**3 + 0*f**3 + 2*f**2. Let s be r(p). Let m(v) = -v**3 + 5*v**2 - v - 2. Determine m(s).
10
Let d(o) = 11*o**3 - 11*o**2 + 17*o - 26. Let c(w) = -5*w**3 + 5*w**2 - 8*w + 12. Let k(z) = 13*c(z) + 6*d(z). Let j be 3/(-6*(-2)/8). Calculate k(j).
0
Suppose 4*n = l + 12, 3*l = -2*n + 1 + 5. Let f(m) = 0*m + 14 - 23 + 5*m - n*m. Let h = 2 + 5. Give f(h).
5
Let u(i) = -i + 1. Let r(h) = -6*h + 9. Let c(b) = r(b) - 5*u(b). Calculate c(7).
-3
Let i(h) = -h**3 - 5*h**2 + h + 1. Suppose -5*b = 3*x - 9*b + 31, x + 5*b = 15. Give i(x).
-4
Let v be (4 - -10)*(-3)/2. Let h = v + 26. Let a(x) = -x**2 - h*x - 3 + 2*x**2 - 3*x + 4*x. Give a(3).
-6
Let r be -1*3/4 - 22/(3256/(-703)). Let q(z) = 1 + z**3 + 0*z + 0 - 5*z**2 + 4*z. Calculate q(r).
1
Let r = -48 + 30. Let t be (-9)/3 + r - -2. Let s = 13 + t. Let z(y) = y**2 + 5*y - 5. What is z(s)?
1
Let i(s) = -42*s + s**2 - 13 + 30*s + 15 + 20. Calculate i(11).
11
Let b(q) = -2*q + 7. Let t(n) = -n**2 + 8*n + 2. Let a be t(8). Let g = a + 5. What is b(g)?
-7
Let l = -2 + 2. Let u = 8 - 0. Let t(p) = -3*p**2 + p - 11 - 6*p**2 + u*p**2. Give t(l).
-11
Let r(y) = 25*y**3 + 2*y - 8*y**3 + 10 - 11 - 18*y**3. Let o = -2 - -4. Calculate r(o).
-5
Suppose -d - 4*d + 33 = 4*q, 5*q - 5*d - 30 = 0. Suppose -4*p = -3*p + 4*i - 18, -5*i = -20. Suppose -q - 5 = -p*z. Let c(g) = -g + 1. Determine c(z).
-5
Let l be (6*(-11)/99)/((-6)/(-27)). Let b(t) be the first derivative of -2*t**3/3 - 5*t**2/2 - 2*t - 1. Give b(l).
-5
Let o be 2/(-8)*(-12)/18. Let q(a) be the third deri